+ 81 = 11*t - 8*t. Calculate the highest common factor of t and y.
10
Suppose 5*x = -2*l - 5, 2*x = 17*l - 13*l - 26. Suppose 0*p - 219 = -l*y - 4*p, 0 = y - 2*p - 55. Calculate the greatest common divisor of y and 376.
47
Suppose 36*x = -h + 34*x + 70, 0 = -2*h + 2*x + 140. Calculate the highest common factor of h and 1918.
14
Suppose 0 = -4*f - 6*o + 4*o + 2, 4*o - 4 = -f. Suppose f = -8*q - q + q. Let h(b) = b + 16. Let n be h(q). Calculate the greatest common factor of n and 80.
16
Suppose -6*c - 126 = -9*c. Suppose j + 3 = 0, 2*y - 3*j = -y + c. Calculate the greatest common factor of 1 and y.
1
Let l = 72 + 57. Suppose 114*o = l*o - 150. Calculate the highest common factor of 30 and o.
10
Let a(q) = q**2 + 16*q - 33. Let t be a(11). Calculate the highest common divisor of t and 1896.
24
Let z(j) = 5*j - 2 + 8 + 16 + 14. Let c be z(-6). What is the greatest common factor of c and 39?
3
Let d(b) = -b**3 - 11*b**2 - 15*b + 29. Let j be d(-9). Suppose -3*g = j*z - 4*g - 16, 2*g + 2 = z. What is the highest common factor of 70 and z?
10
Suppose -2*l = -3*l - 3*t + 1957, -t + 1969 = l. What is the highest common divisor of 25 and l?
25
Suppose -73*a + 435 = -68*a. Let t(z) = z**3 + 19*z**2 + 42*z + 20. Let v be t(-16). What is the highest common factor of a and v?
29
Let w(d) = d**2 + 28*d - 10. Let z be w(-19). Let s = z + 207. Calculate the greatest common divisor of s and 182.
26
Let y(d) = 2772*d**2 - 28*d + 28. Let j be y(1). Calculate the highest common factor of 14 and j.
14
Let a(t) = t**3 - 17*t**2 - 93 - 86 + 119 + 22*t. Let x be a(16). Calculate the highest common divisor of x and 36.
36
Let t(m) = 261*m**3 - 42*m**2 + 81*m - 5. Let s be t(2). What is the highest common factor of s and 201?
67
Suppose 45 = 4*h + u, -5*h + 1 + 74 = -5*u. What is the greatest common factor of h and 788?
4
Suppose -320*y = -354*y + 578. Suppose 5*q = -2*u + 52, 18 = 2*u - q - 10. Let x = u - -1. What is the highest common divisor of y and x?
17
Let h = -478 + 490. Calculate the highest common factor of h and 1536.
12
Let s be (-1)/7 - (9 + (-1912)/56). Let n(o) = -17*o + 1. Let g be n(-2). Calculate the highest common divisor of g and s.
5
Suppose 74*t - 72*t = 4. Let h be t/(-5) + 16458/195. What is the greatest common divisor of 60 and h?
12
Suppose 76*p - 4 - 204 = 96. Suppose 4*y - 12 = y. Let x = y - 3. Calculate the highest common divisor of x and p.
1
Let z(d) = 3*d - 5. Let y be z(3). Suppose -l = 4*k - 76, y*k + 2*l + 25 = 101. Calculate the highest common factor of 19 and k.
19
Let o be (756/(-147))/((-14)/343). What is the highest common divisor of 742 and o?
14
Let c be (22 + -24 + (-25 - 1))*-22. Let h = -43 + 155. What is the highest common factor of h and c?
56
Suppose 36*q + 3822 = 39*q - 2*b, q - 2*b = 1270. Let a be (44/(-16))/((-2)/32). What is the greatest common divisor of q and a?
44
Let x be (-2)/4*1*1188/(-33). Let y be -3*6/x*-220. Calculate the greatest common divisor of 40 and y.
20
Let x be ((-2)/(-5))/(30/375). Suppose 2*y = -2*b + 186, -386 - 77 = -x*y - 4*b. Calculate the greatest common factor of 143 and y.
13
Let s be 589/((-14 + 17)/36). Calculate the greatest common divisor of 38 and s.
38
Let b(c) = 24*c + 340. Let z be b(-14). Suppose 4*y + 6*o = 11*o + 55, -3*o = -z*y + 57. Calculate the highest common divisor of 115 and y.
5
Let k be 3490*((-18)/12 - 5/(-2)). Calculate the highest common divisor of k and 10.
10
Let i be (-42924)/(-245) + (-8)/(-10). Calculate the greatest common divisor of 2816 and i.
176
Suppose -11782 = -12*l + 1274. What is the greatest common factor of l and 34?
34
Suppose -2*q - 5*f + 284 = 0, -486*q - 176 = -488*q + 4*f. Let x be (-1)/4 + 514/8. What is the highest common divisor of q and x?
16
Suppose 0 = 4*v - 4*j - 1772, 17*j - 871 = -2*v + 14*j. Calculate the greatest common factor of v and 80.
40
Let s = 4217 - 3672. Calculate the highest common divisor of s and 109.
109
Let b = -296 - 31. Let x = b + 717. Let a = x + -187. What is the greatest common divisor of a and 29?
29
Suppose -2*n + 4*a + 2482 = 0, 7*n - 3*n - 4976 = 4*a. What is the highest common factor of n and 29?
29
Let k = 16356 + -15936. Calculate the greatest common divisor of k and 2058.
42
Let k(j) = 96*j + 97*j - 189*j - 64. Let q be k(25). Calculate the greatest common factor of q and 1008.
36
Suppose 0 = 3*z - 3, 77185 = -4499*y + 4501*y - 3*z. Calculate the greatest common divisor of 46 and y.
46
Let i = 14 + 11. Let y(v) = -245*v - 11015. Let j be y(-45). Calculate the highest common divisor of j and i.
5
Let p(b) = -5*b**2 - 26*b + 45. Let k(n) = 7*n**2 + 27*n - 44. Let d(h) = 3*k(h) + 4*p(h). Let w be d(23). Calculate the highest common factor of 16 and w.
16
Let m be (-56)/(-24)*-3 + (45 - 2). Let d(z) = -2*z**3 - 2*z**2 + 5*z - 2. Let b be d(-4). Let s = b - m. What is the greatest common factor of s and 380?
38
Suppose -3*j + 3*w = 0, -j = 3*j - 5*w - 4. Let m = 9 + j. Suppose 2*l - 56 = 2*z, 2*z - 3 = m. Calculate the highest common factor of 4 and l.
4
Suppose 0 = -3*y - 182 + 2198. Let p = y + -549. What is the greatest common divisor of p and 6?
3
Let f be 2*(28/8)/(-7). Let i be 4 - 5 - 91/f. Suppose -24*p + 26*p = -3*k + 192, -4*k + p + 234 = 0. What is the greatest common factor of k and i?
30
Suppose p + 2*z = 81, -6*p + 3*z + 176 = -4*p. Let j = p - 43. Calculate the highest common factor of 21 and j.
21
Suppose -13*c - m = -15*c + 17936, -3*m = c - 8982. What is the greatest common divisor of c and 15?
15
Let q(a) = a**3 - 11*a**2 - 11*a + 16. Let x = -64 + 76. Let c be q(x). Suppose -25*k = -c*k + 1353. What is the greatest common factor of k and 41?
41
Let g be 2 + -2 - (1 + -4). Let f be (-54)/4*(-8)/g. Suppose 3*n + 21 = 0, -45 = -4*q + 3*q + n + 2*n. Calculate the greatest common factor of q and f.
12
Suppose -75*m = -72*m - 441. Suppose -2*n - 2*z = 3*n - 99, 0 = -n + 4*z + 33. What is the greatest common divisor of n and m?
21
Let u = 11 - 9. Suppose d - u = 6. Let x be ((-11)/2 + 0)/((-4)/d). What is the highest common factor of x and 88?
11
Let s = 2 - -2. Let k = 34 - s. Let w = -170 + 245. What is the greatest common divisor of w and k?
15
Let n(z) = 14*z**2 - 35*z + 118. Let x be n(4). Calculate the highest common divisor of 1 and x.
1
Suppose 4*f - 3*f - 299 = 0. Suppose -r - 3 = h, 0 = -4*h + 5*h - r - 5. Let o be h - (17/(-34))/(2/48). What is the greatest common divisor of o and f?
13
Let s = -34 + 35. Let f(z) = z**2 + 4*z - 11. Let t be f(9). Let c = t + -101. Calculate the greatest common factor of c and s.
1
Let a(h) = -17*h + 328. Let y be a(19). Suppose l - 5*i - 134 - 396 = 0, 0 = y*l + i - 2702. Calculate the highest common divisor of 40 and l.
20
Let c = 1 + 2. Let x be (1 + -4)*c + 39. Suppose -k = 2*k - 30. What is the highest common factor of k and x?
10
Let o be (-23)/(-7 - 672/(-98)). Calculate the highest common factor of o and 506.
23
Let b = 10 + -3. Let f(y) = -y**3 + 14*y**2 + 54*y - 44. Let u be f(17). Suppose 7*v = u + b. Calculate the highest common divisor of v and 18.
2
Let a = -18022 + 19107. What is the highest common factor of 210 and a?
35
Suppose -36 + 180 = 8*z. Let m be 40/z + (-4)/18. Suppose 0*w - m*n = w - 27, 65 = 5*w - 4*n. Calculate the highest common divisor of 85 and w.
17
Let w be (-7 - (-30)/(-6))*54/(-8). Let r = w + -59. What is the greatest common divisor of 4 and r?
2
Suppose 4*y = 2*h - 7*h + 88, -h = y - 22. Suppose 5*u - 48 = y. Let r(l) = -2*l + 36. Let t be r(u). Calculate the greatest common factor of 8 and t.
8
Let v = -45 + 56. Suppose 0 = v*u - 409 - 823. Let l = u + 9. What is the greatest common divisor of l and 11?
11
Suppose 30*w = x + 31*w - 617, -3*x + 1843 = 5*w. Calculate the greatest common divisor of 54 and x.
27
Suppose 319*y - 162*y - 156*y - 408 = 0. Calculate the highest common factor of 66504 and y.
408
Let h be ((-48)/10)/(1/(-5)). Suppose -s = 1815 - 1827, -s = 5*p - 332. What is the highest common factor of h and p?
8
Suppose -67*p + 165 = -56*p. Let k be (-53*2)/(-8 + 110/p). Calculate the greatest common factor of 212 and k.
53
Let b(n) = n**3 + 25*n**2 - 26*n + 15. Let l = 0 + -26. Let j be b(l). What is the greatest common divisor of 555 and j?
15
Let a be (4/(-16) - 254/8)*372/(-124). What is the highest